3 - 10*r**2 + 3*r - 2. Let h(t) = -26*t**3 - 50*t**2 + 16*t - 12. Let f(x) = -16*a(x) + 3*h(x). What is the units digit of f(5)?
6
Suppose 142014 = 2*j - 5*l, 0 = -1056*j + 1051*j - 2*l + 355151. What is the thousands digit of j?
1
Let c(q) = 664*q + 4493. What is the tens digit of c(32)?
4
Let b(k) = 16*k - 2. Let v be 3 - 0 - 3 - (-8 - 23). What is the units digit of b(v)?
4
Let l(g) = -64*g + 4. Suppose -4 + 2 = 2*u. Let c be l(u). Let r = c + -25. What is the tens digit of r?
4
Suppose -3*b + 13218 = -4*s, 4*b - 2*s + 4703 = 22337. What is the units digit of b?
0
Suppose 47*b - 1678025 = -13*b + 451735. What is the tens digit of b?
9
Suppose 5*b + 3359 = 3*y, -6*y + 2236 = -4*y - 5*b. What is the units digit of y?
3
Suppose 0 = 3*f + 2*y + 54 - 56, 2*f - 5*y - 14 = 0. Suppose -3*b + f*a = -a - 3693, 0 = -5*b - 4*a + 6119. What is the hundreds digit of b?
2
Suppose -2*s - 2*s - 5*y + 256091 = 0, -128014 = -2*s + 2*y. What is the thousands digit of s?
4
Let m(s) = 154*s + 1376. What is the tens digit of m(20)?
5
Suppose -190*r + 1461822 = -625486 + 502328. What is the units digit of r?
2
Suppose -2*v - 12443 = 15073. What is the hundreds digit of (-1)/(-2) - (-2 - v/(-12))?
1
Let t(n) = 25 + 17*n - n**2 - 27*n - 14. Let y be t(-9). Suppose -5*r - 5*z + 322 = -553, y = -5*z. What is the hundreds digit of r?
1
Let o be (-4553)/(-5) - ((-18)/(-5) + -3). Suppose 0 = 3*q - 5*r - 1315, -2*q + o = -2*r + 7*r. What is the units digit of q?
5
Let w(k) = 3107*k - 113. What is the thousands digit of w(3)?
9
Let o be 1/4 - 11/(-4). Suppose 5*m = 2*c - 23, -6*c = -c - o*m - 29. Let z(h) = 5*h**2 - 5*h + 3. What is the units digit of z(c)?
3
What is the tens digit of (-113 - -83)*(1 + 92/(-5))?
2
Suppose 2*c + x = 4, 4*x = -71*c + 72*c - 20. Suppose c*d = 8047 - 1279. What is the units digit of d?
2
Suppose 4*d - 2043*c = -2046*c + 58118, -2*c = 4*d - 58124. What is the tens digit of d?
3
Suppose 11*k - 10*k - 9108 = -7*b, 18144 = 2*k + 2*b. What is the tens digit of k?
6
Suppose -2*z = 3*i + 10, -i = -5*z + i - 6. Let a be (1 - 1 - -2) + (-9 - -6). What is the units digit of (z - (a + -2))/(7/259)?
7
Let k be 3 + 0 + -5 + 1. Let q be 75/20 + -2*k/8. What is the units digit of (-62)/q*-2 + 4?
5
Let r(x) = 348*x - 9. Let t be (10 + -11)*2*2/(-4). What is the hundreds digit of r(t)?
3
Let m be 4/14 + (-328)/(-28). Suppose m = s - 3*q, s + 9*q - 4 = 4*q. Let j = 63 - s. What is the units digit of j?
4
Let g(v) be the third derivative of 25*v**5/12 + 11*v**4/24 - 55*v**3/6 - 74*v**2. What is the units digit of g(3)?
3
Suppose 136153 = 85*t - 148*t + 80*t. What is the units digit of t?
9
Suppose 28987 + 2639 = 14*g. What is the tens digit of g?
5
Let z(n) = -3*n - 8*n**3 - n**2 + 29 + 24*n**3 + 5*n - 26. Let d be z(3). Let r = d - 294. What is the tens digit of r?
3
Suppose -3*h + 45729 = 4*m, 2*m = -4*h + 39876 + 21096. What is the ten thousands digit of h?
1
Let q(w) = -49*w**3 - 8*w**2 - 82*w + 95. What is the thousands digit of q(-8)?
5
Let d(q) = 104*q**3 - q**2 + q - 1. Suppose 0 = -m - 4, 5*h + 3*m = 4*m - 11. Let a = -2 - h. What is the hundreds digit of d(a)?
1
Let n = -51 - -45. Let y be (-8)/(-2)*(-3)/n. Suppose 8*f - 4*f = -y*p + 104, 2*f - 10 = 0. What is the units digit of p?
2
Suppose 1 = 3*u - 5. Suppose -4*k - 494 = -u*q, 9*k - 4*k = -4*q - 611. What is the tens digit of (-3)/6 + k/(-2)?
6
Let g be 80/12*(-3)/(-2). Suppose g*k - 12*k = 146. Let b = 13 - k. What is the tens digit of b?
8
Let o(j) = 8*j**2 - 87*j + 1468. What is the units digit of o(26)?
4
Let j(k) = 25*k**3 + 23*k**2 - 71*k + 3. What is the hundreds digit of j(11)?
2
What is the tens digit of 5 + 235/3*(-17 + 98)?
5
Let p(u) = 39*u**2 - 9*u**2 + 10 - 15*u**2 + 30*u. What is the tens digit of p(-5)?
3
Suppose 0 = 10*u + 122 - 492. Let n(k) = -k**3 + 14*k**2 - 4*k + 34. Let q be n(14). Let h = u - q. What is the tens digit of h?
5
Let b(w) = 63*w**2 - 109*w - 442. What is the hundreds digit of b(-28)?
0
Let b(q) = 23*q**2 + 80*q + 26. Let p(x) = 4*x**2 + 16*x + 5. Let r(u) = 2*b(u) - 11*p(u). What is the units digit of r(16)?
3
Suppose -5*o = 4*b - 52845, 2*b = -4*o + 28612 + 13664. What is the hundreds digit of o?
5
Let n = -272 - 250. Suppose -5*a - 3755 = -5*f, -10*f + 14*f = 5*a + 3001. Let o = n + f. What is the units digit of o?
2
Let q = 23164 - 7440. What is the tens digit of q?
2
Let l = 78816 + -35136. Suppose -16*t - l = -56*t. What is the thousands digit of t?
1
Let t(x) = 60*x + 1275. Let v be t(-21). Let r(i) = 21 + 0 - i**2 + 19*i + 5. What is the tens digit of r(v)?
8
Suppose 4*i = -2*t - 50, 0 = 3*i + 2*i + 2*t + 63. Let c(k) = -k**2 - 29*k - 146. What is the units digit of c(i)?
2
Let m be (-30 - 161)/((-2)/8). Let l = -165 + m. What is the units digit of l?
9
Suppose a - 3*a = -53656. Suppose a = 16*w + 22*w. What is the hundreds digit of w?
7
Let w = 1072461 + 1915293. What is the units digit of w/2926 - (0 - 2/(-19))?
1
Suppose -7*w + 4 + 31 = 0. Suppose 167 = w*d - 798. What is the units digit of d?
3
Let b(k) = -k**3 - 2*k**2 + 3*k + 3. Let g be b(-3). Let j(h) = g + 6 + 20*h + 7*h. What is the units digit of j(3)?
0
Let q be -4 + (3 - 4*33). Let k = 188 + q. What is the tens digit of k?
5
Let z(l) = -l + 9. Suppose -7*r = -8*r + 4. Let a be z(r). Suppose -u + 84 = a*u. What is the tens digit of u?
1
Let i = 807 - 111. Suppose -3*o - a + 505 + i = 0, -5*o + 4*a + 2030 = 0. What is the hundreds digit of o?
4
Suppose 63 = -32*w + 41*w. What is the units digit of -3 - ((-474)/6 + w)?
9
Let p = 328 - -844. Suppose -m + 4*c = -293, 10*c = -4*m + 9*c + p. What is the tens digit of m?
9
Let r be -5 + 4 + 10 + 1. Suppose -2*y - 3*d = -113, -r*y = -6*y + 5*d - 221. What is the units digit of y?
9
Let y be 693/135 - (52/(-60) - -1). Suppose y*w + 5*d - 1315 = 0, 3*d + 118 = -4*w + 1168. What is the hundreds digit of w?
2
Let n = 30 - 34. What is the tens digit of 6 + n - -769 - (-2)/1?
7
Let k(m) = -13*m - 541. Let j(s) = -3*s - 135. Let n(c) = -9*j(c) + 2*k(c). What is the tens digit of n(-18)?
1
Suppose 4*n = -5*x + 523, 3*x + 196 = 5*n + 532. What is the hundreds digit of x*(-1 + -3)*69/(-276)?
1
Suppose 17*t - 553 - 603 = 0. Let a = 1142 - t. What is the tens digit of a?
7
Let n be -1088 + 4 + -3 - 7. Let k = -718 - n. What is the hundreds digit of k?
3
Let v(g) = -6*g**3 + 6*g**2 - 14*g - 102. Suppose 0 = -4*x + 45 - 65. What is the tens digit of v(x)?
6
Suppose -5598 = 10*l - 828. Let h = l - -847. What is the units digit of h?
0
Let u(o) = -63*o + 845. What is the thousands digit of u(-39)?
3
Suppose 2*l + 6 = 0, 6223 = -3*u + 5*l + 50197. What is the units digit of u?
3
Let f be 0 - (-6 + 0) - 8. What is the tens digit of f - 5 - -2 - (21 + -1505)?
7
Let r(s) be the first derivative of -1/3*s**3 - 7/2*s**4 - 3 + 0*s + s**2. What is the hundreds digit of r(-2)?
1
Let x(o) = 104*o**2 - 217*o - 2417. What is the hundreds digit of x(-11)?
5
Let s = -36750 + 56914. What is the ten thousands digit of s?
2
Let h(w) = 2*w**3 - 5*w**2 - 6*w - 11. Let s be h(5). Let p = 85 - s. What is the hundreds digit of (68/10)/(p/20)?
1
Let p(y) = 2*y**2 - 4*y - 2978. What is the ten thousands digit of p(92)?
1
Suppose 0 = 5*n + 4*x - 86833 + 16079, -4*n = -5*x - 56595. What is the ten thousands digit of n?
1
Let l = -65 + 65. Let m(k) = -k**3 - 2*k - 52. Let w be m(l). Let f = -23 - w. What is the units digit of f?
9
Suppose 2*s = 7*s - 3*t - 159, -2*s + 69 = -3*t. Let a be 4/(16/s)*(10 + -6). What is the tens digit of (a - 3)*2 - -4?
5
Let l(s) = 2380*s + 638. What is the thousands digit of l(5)?
2
Suppose -5*v + 2*d - 266 - 172 = 0, 4*d + 4 = 0. Let a = v + 166. What is the units digit of a?
8
Suppose 5*r - 2*p = 147799, 2*r - p + 869 - 59990 = 0. What is the hundreds digit of r?
5
Let y = 363 + -159. Let p = -119 + y. Let w = p - 79. What is the units digit of w?
6
Let v(c) = -77*c**3 - 5*c**2 - c - 42. What is the hundreds digit of v(-4)?
8
Let p(c) = -2*c - 9. Suppose -2*w + 12 = 4*g, -w - g = 3*w - 31. Let s(l) = l**2 - 10*l + 11. Let b be s(w). What is the units digit of p(b)?
1
Let y(a) = -17 - 6*a**2 + 6 + 0*a**2 + 9*a. Let b be y(7). Let j = -120 - b. What is the tens digit of j?
2
What is the tens digit of ((-26020)/30)/((-14)/303) + 16/(-28)?
7
Let w be ((-6)/(-2